e 9, what is -554 + 14?
-540
In base 11, what is 15 + 8?
22
In base 3, what is -1 - 2120?
-2121
In base 15, what is -1b - e?
-2a
In base 8, what is -21 + 30?
7
In base 16, what is 1a1b - 3?
1a18
In base 13, what is 5 + 1429?
1431
In base 6, what is 4 + -123?
-115
In base 7, what is 0 - 501?
-501
In base 2, what is -11 + 1001010?
1000111
In base 2, what is -100011110 + 0?
-100011110
In base 10, what is -5 - -2284?
2279
In base 10, what is 3 - -45?
48
In base 7, what is -3 + 32544?
32541
In base 8, what is -111 + 572?
461
In base 2, what is 10 - -10111?
11001
In base 4, what is -203323 + -23?
-210012
In base 2, what is -1010001 + -1000110?
-10010111
In base 12, what is 2 - 6a?
-68
In base 16, what is -26 - -2?
-24
In base 16, what is -3 - 8e?
-91
In base 6, what is 0 - -15?
15
In base 16, what is 6b4 - 4?
6b0
In base 10, what is -5590 + 2?
-5588
In base 10, what is -5 + -128?
-133
In base 13, what is 3 - -161?
164
In base 3, what is 2210200 + -111?
2210012
In base 11, what is 155 - 40?
115
In base 5, what is 2334 - -2?
2341
In base 8, what is -16 + -3740?
-3756
In base 5, what is 10 - 1430?
-1420
In base 14, what is -1a6 - -4?
-1a2
In base 9, what is 44 + 24?
68
In base 7, what is -2 + -51?
-53
In base 2, what is -1 - -10001?
10000
In base 5, what is 0 + -12421?
-12421
In base 2, what is 1 + 1110001001?
1110001010
In base 2, what is -100 + -10100011?
-10100111
In base 14, what is 2 + 6cd?
6d1
In base 12, what is -11 + -78?
-89
In base 4, what is 331131 + 1?
331132
In base 9, what is 5 - 114?
-108
In base 3, what is -101 - 2022?
-2200
In base 7, what is 5 - 2561?
-2553
In base 16, what is -1d - -15?
-8
In base 16, what is 1e + 13?
31
In base 8, what is 271 + -4?
265
In base 6, what is -425 + -31?
-500
In base 5, what is 4 + -231?
-222
In base 8, what is -3235 + -20?
-3255
In base 11, what is 1a - -7?
26
In base 3, what is 10 - 212?
-202
In base 16, what is -11 + -24?
-35
In base 10, what is 9418 - -1?
9419
In base 4, what is 12331 - 131?
12200
In base 8, what is 6 + -1310?
-1302
In base 6, what is 10 + 225?
235
In base 8, what is -1507 + 1?
-1506
In base 9, what is 332 + -12?
320
In base 7, what is 546 + 26?
605
In base 15, what is 2 - -621?
623
In base 5, what is -213 + 104?
-104
In base 13, what is -9 + -74?
-80
In base 4, what is -13 - 232?
-311
In base 12, what is 7 - 7?
0
In base 4, what is 2 + -131?
-123
In base 7, what is -363 - 0?
-363
In base 13, what is -2 + -2?
-4
In base 3, what is -120 + -12000?
-12120
In base 2, what is 110 - -100?
1010
In base 5, what is 122224 + 1?
122230
In base 16, what is -1c + -3?
-1f
In base 3, what is -221 + 1021210?
1020212
In base 15, what is -1d + 18?
-5
In base 8, what is 133 + -3?
130
In base 9, what is -414 + 2?
-412
In base 2, what is -1100101010 - 11?
-1100101101
In base 14, what is -28 - -50?
26
In base 9, what is -18673 - -3?
-18670
In base 11, what is -130 - -2?
-129
In base 5, what is -11041 - -3?
-11033
In base 12, what is -1 - -51b?
51a
In base 11, what is -1254 + 3?
-1251
In base 5, what is 1202 + 1?
1203
In base 15, what is -1 + 87?
86
In base 7, what is 13 - 4063?
-4050
In base 5, what is 14 - 142?
-123
In base 4, what is 10 - 10221?
-10211
In base 9, what is 2283 + 2?
2285
In base 10, what is 102 + -4?
98
In base 2, what is -100 + -1011010?
-1011110
In base 2, what is -11011 - 0?
-11011
In base 15, what is c9e2 + -2?
c9e0
In base 12, what is -4 + 110?
108
In base 9, what is -1410 + -3?
-1413
In base 13, what is -210 - 0?
-210
In base 5, what is -24244 - -10?
-24234
In base 10, what is -1208 + 3?
-1205
In base 8, what is -5 - -2423?
2416
In base 13, what is -c1 - 3?
-c4
In base 5, what is -333 + -1?
-334
In base 13, what is 23 + 46?
69
In base 13, what is -81c + -8?
-827
In base 12, what is a - -224?
232
In base 4, what is 310102 - -2?
310110
In base 6, what is -14 + 2454?
2440
In base 13, what is -30 + 5?
-28
In base 10, what is -2 + -565?
-567
In base 6, what is -12153 - 5?
-12202
In base 12, what is 7 - 39?
-32
In base 10, what is -2 + -119?
-121
In base 3, what is 100101 - -212?
101020
In base 2, what is 10111 - 11101100?
-11010101
In base 10, what is 542 + 3?
545
In base 10, what is 1 - 146?
-145
In base 3, what is 1222 - 2?
1220
In base 11, what is 18 + -6?
12
In base 8, what is 66 + 150?
236
In base 8, what is 4 - -4675?
4701
In base 14, what is -2 + 104a?
1048
In base 7, what is -4 - 14300?
-14304
In base 2, what is 10001011011 - 10?
10001011001
In base 3, what is -12 + 112?
100
In base 13, what is 163 - 2?
161
In base 16, what is -bf + 2?
-bd
In base 5, what is 3 + 103?
111
In base 5, what is 1020 - -3?
1023
In base 14, what is -398c + -1?
-398d
In base 14, what is -8 + -b?
-15
In base 6, what is -1250 - 1?
-1251
In base 2, what is 100 + 11111101111?
11111110011
In base 11, what is -3a6 + 8?
-399
In base 2, what is -11010100 - 0?
-11010100
In base 9, what is -1 - -667?
666
In base 2, what is -11111 - 1001?
-101000
In base 4, what is 22031 - 3?
22022
In base 5, what is 2012 + 3?
2020
In base 15, what is -5a4 + -5?
-5a9
In base 7, what is 410 + -313?
64
In base 4, what is 21 + 0?
21
In base 13, what is 59 + -2?
57
In base 5, what is -2 + -112?
-114
In base 4, what is -3 + -11021?
-11030
In base 7, what is 2 + 4445?
4450
In base 14, what is 3 - -5?
8
In base 12, what is 7 - -12?
19
In base 4, what is -111211 - 1?
-111212
In base 16, what is 2c4 - 4?
2c0
In base 13, what is -25a + 15?
-245
In base 3, what is -11 - -222102?
222021
In base 10, what is -2 + 19?
17
In base 9, what is 131 - 54?
66
In base 10, what is -4107 - -2?
-4105
In base 10, what is -69 + -163?
-232
In base 8, what is 4 + 11661?
11665
In base 14, what is -1693 + 5?
-168c
In base 11, what is 128 + -3?
125
In base 8, what is -1226 - 6?
-1234
In base 3, what is 10 - -21121?
21201
In base 12, what is 3 + 44?
47
In base 9, what is -87 - 220?
-317
In base 4, what is -3 - -3020?
3011
In base 5, what is 3234 - -2?
3241
In base 12, what is 121 + 3?
124
In base 5, what is -30 - 2?
-32
In base 5, what is 42 - 200?
-103
In base 6, what is -530 + 2?
-524
In base 2, what is 100010011010101 - 100?
100010011010001
In base 15, what is -55 + -3?
-58
In base 6, what is -4 + -31?
-35
In base 12, what is a + 17?
25
In base 5, what is -22 + -14213?
-14240
In base 15, what is 2 + 1bb?
1bd
In base 13, what is 3 + -6c?
-69
In base 6, what is -13021 + 5?
-13012
In base 4, what is 22032 - 1?
22031
In base 6, what is -253 + -1?
-254
In base 15, what is -5 + -47?
-4c
In base 3, what is 201 - 2220?
-2012
In base 6, what is 242 - 1520?
-1234
In base 13, what is -75 + -21?
-96
In base 8, what is -6 - 11?
-17
In base 5, what is -3 - 444?
-1002
In base 4, what is -11301 + -11?
-11312
In base 7, what is 5 - 23546?
-23541
In base 10, what is 5 - -68?
73
In base 14, what is 62 - 0?
62
In base 6, what is 231 + -5?
222
In base 6, what is 2044 + -4?
2040
In base 11, what is -5 - 22?
-27
In base 9, what is 50 - 5?
44
In base 2, what is 100 + 1110111?
1111011
In base 7, what is 60 + 15?
105
In base 15, what is -d - -b8?
aa
In base 12, what is 1 - -20?
21
In base 10, what is 600 + 3?
603
In base 9, what is -16277 + -1?
-16278
In base 5, what is 0 + -41344?
-41344
In base 4, what is 13233 + 21?
13320
In base 12, what is 3 - 163?
-160
In base 11, what is -844 - 4?
-848
In base 6, what is 25 - 2?
23
In base 6, what is -145 - 4?
-153
In base 12, what is 883 - -5?
888
In base 5, what is -4430 + 11?
-4414
In base 6, what is -33 + -2334?
-2411
In base 14, what is 19 - -164?
17d
In base 10, what is -104 - 0?
-104
In base 12, what is 3 + 470?
473
In base 12, what is -591 + 0?
-591
In base 15, what is 3 + -77?
-74
In base 2, what is 1000 + -101?
11
In base 7, what is -3660 + 0?
-3660
In base 4, what is -211 + 21332?
21121
In base 6, what is 141 - -20?
201
In base 10, what is -232 + -5?
-237
In base 5, what is 4 - 1122?
-1113
In base 3, what is -1 - 2?
-10
In base 2, what is 110011 - -110001?
1100100
In base 13, what is -3 - -39?
36
In base 6, what is 1 - -1024?
1025
In base 16, what is -2c6 - 1?
-2c7
In base 3, what is -200 - -122?
-1
In base 5, what is 10223 + 2?
10230
In base 16, what is -d1 + 1?
-d0
In base 14, what is -4 - a1?
-a5
In base 13, what is a + -7b?
-71
In base 12, what is 19 - 83?
-66
In base 7, what is -3 - -64?
61
In base 8, what is 4 + -736?
-732
In